{"id":602,"date":"2024-11-01T12:33:22","date_gmt":"2024-11-01T11:33:22","guid":{"rendered":"http:\/\/canarianblog.com:80\/?page_id=602"},"modified":"2024-11-07T12:58:13","modified_gmt":"2024-11-07T11:58:13","slug":"tamogatas","status":"publish","type":"page","link":"http:\/\/canarianblog.com:80\/?page_id=602","title":{"rendered":"T\u00e1mogat\u00e1s"},"content":{"rendered":"\t\t<div data-elementor-type=\"wp-page\" data-elementor-id=\"602\" class=\"elementor elementor-602\" data-elementor-post-type=\"page\">\n\t\t\t\t<div class=\"elementor-element elementor-element-788d7d0 e-flex e-con-boxed e-con e-parent\" data-id=\"788d7d0\" data-element_type=\"container\" data-e-type=\"container\">\n\t\t\t\t\t<div class=\"e-con-inner\">\n\t\t\t\t<div class=\"elementor-element elementor-element-2f2d600 elementor-widget elementor-widget-text-editor\" data-id=\"2f2d600\" data-element_type=\"widget\" data-e-type=\"widget\" data-widget_type=\"text-editor.default\">\n\t\t\t\t<div class=\"elementor-widget-container\">\n\t\t\t\t\t\t\t\t\t<p><span style=\"color: var( --e-global-color-text ); letter-spacing: 0px; word-spacing: 0em; background-color: var( --e-global-color-c696dce );\">Ha tetszik az oldalam, k\u00e9rlek t\u00e1mogasd! \u2665<\/span><\/p>\t\t\t\t\t\t\t\t<\/div>\n\t\t\t\t<\/div>\n\t\t\t\t\t<\/div>\n\t\t\t\t<\/div>\n\t\t<div class=\"elementor-element elementor-element-28c4c3b e-flex e-con-boxed e-con e-parent\" data-id=\"28c4c3b\" data-element_type=\"container\" data-e-type=\"container\">\n\t\t\t\t\t<div class=\"e-con-inner\">\n\t\t\t\t<div class=\"elementor-element elementor-element-781a411 elementor-drop-cap-yes elementor-widget__width-initial elementor-drop-cap-view-default elementor-widget elementor-widget-text-editor\" data-id=\"781a411\" data-element_type=\"widget\" data-e-type=\"widget\" data-settings=\"{&quot;drop_cap&quot;:&quot;yes&quot;}\" data-widget_type=\"text-editor.default\">\n\t\t\t\t<div class=\"elementor-widget-container\">\n\t\t\t\t\t\t\t\t\t<h5><span style=\"color: inherit; font-family: inherit; font-size: 1.25rem; letter-spacing: 0px; word-spacing: 0em; text-align: var(--text-align); background-color: var( --e-global-color-c696dce );\">A magyar banksz\u00e1mlasz\u00e1mom:\u00a0 OTP bank,\u00a0<\/span><span style=\"color: var(--chat-incoming-message-text-color,inherit); font-family: inherit; font-size: var(--xr1ru3s); font-weight: var(--x1fs8m7s); font-style: var( --e-global-typography-text-font-style ); letter-spacing: var(--xwsengw); text-transform: var(--x143s68s); word-spacing: var( --e-global-typography-text-word-spacing ); text-align: var(--text-align); background-color: var(--chat-incoming-message-bubble-background-color); white-space-collapse: preserve;\">11773377 &#8211; 13400280<\/span><\/h5><h5>K\u00fcldhetsz t\u00e1mogat\u00e1si \u00f6sszeget az al\u00e1bbi \u0171rlapon is (jelenleg Paypal t\u00e1mogatott):<\/h5><div style=\"margin: 0px; flex-shrink: 0; display: flex; flex-grow: 0; font-family: 'Segoe UI Historic', 'Segoe UI', Helvetica, Arial, sans-serif; color: #1c1e21; font-size: 15px; font-weight: 400; --paddingbottom: 0px; --paddingstart: 0px; padding: 0px 0px var(--paddingBottom) var(--paddingStart);\"><div style=\"margin: 0px; padding: 0px; display: flex; align-self: center; font-family: inherit;\"><div style=\"margin: 0px; flex-grow: 1; position: relative; padding: 0px 0px 0px 5px; flex-shrink: 0; display: flex; flex-direction: column; justify-content: center; z-index: 10; width: var(--mwp-message-list-actions-width,84px); font-family: inherit;\" aria-hidden=\"true\"><div style=\"margin: 0px; flex-direction: row; padding: 0px; align-items: center; display: flex; column-gap: var(--mwp-message-list-actions-gap,0); width: var(--mwp-message-list-actions-width,84px); font-family: inherit;\" role=\"presentation\"><div style=\"margin: 0px; flex-direction: row; padding: 0px; align-items: center; display: flex; column-gap: var(--mwp-message-list-actions-gap,0); width: var(--mwp-message-list-actions-width,84px); font-family: inherit;\" role=\"presentation\"><h5 style=\"margin: 0px; padding: 0px; font-family: inherit;\" aria-hidden=\"false\">\u00a0<\/h5><\/div><\/div><\/div><\/div><\/div><p><br style=\"color: #1c244b; font-size: 14px; font-weight: 600; white-space-collapse: preserve;\" \/><span style=\"color: #1c244b; font-size: 14px; font-weight: 600; white-space-collapse: preserve;\"><script src=\"https:\/\/donorbox.org\/widget.js\" type=\"text\/javascript\"><\/script><iframe src=\"https:\/\/donorbox.org\/embed\/canarian-blog\" width=\"100%\" style=\"max-width:500px; min-width:310px;\" seamless=\"seamless\" id=\"dbox-form-embed\" name=\"donorbox\" frameborder=\"0\" scrolling=\"no\" allowpaymentrequest><\/iframe><\/span><\/p>\t\t\t\t\t\t\t\t<\/div>\n\t\t\t\t<\/div>\n\t\t\t\t\t<\/div>\n\t\t\t\t<\/div>\n\t\t\t\t<\/div>\n\t\t","protected":false},"excerpt":{"rendered":"<p>Ha tetszik az oldalam, k\u00e9rlek t\u00e1mogasd! \u2665 A magyar banksz\u00e1mlasz\u00e1mom:\u00a0 OTP bank,\u00a011773377 &#8211; 13400280 K\u00fcldhetsz t\u00e1mogat\u00e1si \u00f6sszeget az al\u00e1bbi \u0171rlapon is (jelenleg Paypal t\u00e1mogatott): \u00a0<\/p>\n","protected":false},"author":2,"featured_media":0,"parent":0,"menu_order":0,"comment_status":"closed","ping_status":"closed","template":"","meta":{"om_disable_all_campaigns":false,"_monsterinsights_skip_tracking":false,"_monsterinsights_sitenote_active":false,"_monsterinsights_sitenote_note":"","_monsterinsights_sitenote_category":0,"_uf_show_specific_survey":0,"_uf_disable_surveys":false,"footnotes":""},"class_list":["post-602","page","type-page","status-publish","hentry"],"aioseo_notices":[],"_links":{"self":[{"href":"http:\/\/canarianblog.com:80\/index.php?rest_route=\/wp\/v2\/pages\/602","targetHints":{"allow":["GET"]}}],"collection":[{"href":"http:\/\/canarianblog.com:80\/index.php?rest_route=\/wp\/v2\/pages"}],"about":[{"href":"http:\/\/canarianblog.com:80\/index.php?rest_route=\/wp\/v2\/types\/page"}],"author":[{"embeddable":true,"href":"http:\/\/canarianblog.com:80\/index.php?rest_route=\/wp\/v2\/users\/2"}],"replies":[{"embeddable":true,"href":"http:\/\/canarianblog.com:80\/index.php?rest_route=%2Fwp%2Fv2%2Fcomments&post=602"}],"version-history":[{"count":97,"href":"http:\/\/canarianblog.com:80\/index.php?rest_route=\/wp\/v2\/pages\/602\/revisions"}],"predecessor-version":[{"id":753,"href":"http:\/\/canarianblog.com:80\/index.php?rest_route=\/wp\/v2\/pages\/602\/revisions\/753"}],"wp:attachment":[{"href":"http:\/\/canarianblog.com:80\/index.php?rest_route=%2Fwp%2Fv2%2Fmedia&parent=602"}],"curies":[{"name":"wp","href":"https:\/\/api.w.org\/{rel}","templated":true}]}}